4*n - 18. Let b be y(12). Suppose 0 = b*m + 37*m - 473. Calculate the greatest common factor of m and 352.
11
Let q be 594/(-27 + 5)*-127. Calculate the highest common factor of q and 54.
27
Let a = 10908 + 7028. Suppose 0 = -21*z + a + 13459. Calculate the highest common divisor of z and 65.
65
Let n(s) = -s**3 - 12*s**2 + 17*s - 18. Let b be n(-14). Let z be (-3)/(-6)*((4 - 1) + 13). Calculate the greatest common divisor of b and z.
8
Suppose -27 = -3*r + 2*u, r = -3*r + 3*u + 36. Suppose -22 = -q - r. Suppose 1068 = 8*y - 76. Calculate the highest common divisor of q and y.
13
Let c be 155 - -2 - ((5 - -1) + -9). Calculate the highest common factor of 160 and c.
160
Let n = 12179 - -3541. What is the highest common divisor of 12 and n?
12
Let k(n) = -n - 6 - 5 + 7 + 17. Let t be k(0). Let a be (-13)/((-4 - -7)/(-6)). Calculate the greatest common divisor of t and a.
13
Let y be (-6)/39 + ((-6978)/(-234) - (-5)/15). Calculate the greatest common factor of y and 320.
10
Let u be (-1)/(1*3/(-321)*1). Let p = u - 71. Calculate the greatest common divisor of 144 and p.
36
Suppose 1625 = 3*p - x, -2501 = -4*p - 2*x - 351. Let m = p - 351. Calculate the greatest common divisor of m and 63.
63
Let y be (-337 + 27)*11/(-110). Suppose -r + 7*p - 2*p + 428 = 0, 0 = 3*r + 5*p - 1184. Calculate the greatest common divisor of r and y.
31
Suppose 3*f + 196 - 91 = 0. Let k = f - -43. Suppose k = q + 5. What is the highest common divisor of 21 and q?
3
Suppose 8 = -n - 28. Let k = n + 41. Suppose 0 = k*d - 10, 3*y - 310 = -0*d - 2*d. Calculate the greatest common factor of 6 and y.
6
Suppose -2 = q - 16. Suppose 32*t - 16*t - 245 = 11*t. Calculate the highest common divisor of q and t.
7
Suppose 4*n - 21 = 4*f - 9*f, f + 4*n - 1 = 0. Suppose -2*t - 2*i + 40 = -0*i, 5 = t + 4*i. Calculate the greatest common factor of t and f.
5
Let g = 302 + -5. Let i = -171 + g. What is the highest common factor of i and 70?
14
Let k = 1058 + -300. Suppose 0*i = 2*m + 4*i - k, 5*i - 1528 = -4*m. Calculate the greatest common divisor of m and 43.
43
Let t = -195 + 300. Let o = t - 76. Calculate the highest common factor of 261 and o.
29
Let r be -1*((-225)/(-6) + -2)*2. Let t = 61 - r. What is the highest common divisor of 99 and t?
33
Let p = 17420 - 17410. Calculate the highest common factor of 27410 and p.
10
Let c be (24/10)/(96/43520). Calculate the greatest common divisor of c and 340.
68
Suppose 0 = 3*m - 68*o + 63*o - 7304, 0 = -3*m - 3*o + 7320. What is the highest common divisor of m and 230?
46
Let d = 56 + 134. Suppose 100148 - 112460 = -81*v. Calculate the greatest common factor of d and v.
38
Let z(k) = -2*k + 109. Suppose 4*f - 156 = -4*a, a + 171 = 6*a - f. Let r be z(a). What is the greatest common factor of 78 and r?
39
Let c = 1859 + -387. Suppose 7*s + s - c = 0. Calculate the highest common divisor of s and 8.
8
Let h be 197 - ((-3)/2 - (-9)/(-6)). Suppose 0*z - 4*z = h. Let f = z - -88. What is the highest common factor of f and 19?
19
Suppose -4*c + 36 = 5*c. Suppose 4 = -20*b + c. Suppose b = 3*i - 13*i + 240. What is the highest common divisor of i and 16?
8
Suppose 4 + 6 = 2*d. Suppose 2*w = -10, -d*w - 42 = -2*q + 1. Suppose q*l + 23 = 10*l. What is the highest common factor of 46 and l?
23
Suppose -2*w = s - 31, 4*w - 71 = 4*s - 9*s. Suppose 21 = 5*r - w. Calculate the greatest common factor of r and 371.
7
Let r be (-4 + 7 + -1877)*3/(-2). Suppose 8*v - 5 = r. Calculate the greatest common factor of v and 32.
32
Let k be 1 + -2 - 73*-1. Let h = 207245 - 206849. What is the greatest common factor of h and k?
36
Let r = -170 + 170. Let i(k) = k**3 - 2*k**2 + 4*k + 4. Let o be i(r). Calculate the greatest common divisor of 44 and o.
4
Let u(r) = 381*r**3 - 2*r**2 + r + 8. Let n be u(-2). Let t be n/(-4) + (-161)/46. What is the greatest common factor of t and 33?
33
Let c(z) = 115*z**2 + 685*z - 3. Let j be c(-6). Let k be (-1 + 434)*1 - 1. Calculate the greatest common divisor of j and k.
27
Let r(d) be the first derivative of -7/2*d**2 + 3*d**3 + 20*d - 1/4*d**4 - 3. Let w be r(7). Calculate the greatest common divisor of w and 23.
23
Suppose 0 = i - n - 22, 234*n - 230*n - 101 = -5*i. Suppose 6*x - x = 10. Suppose -4*f + x*f = -28. What is the greatest common factor of i and f?
7
Suppose 43*m - 678 - 382 = -10*m. What is the highest common factor of m and 5?
5
Suppose 0 = 2*j + 21 - 117. Let m = j + -41. Suppose 9*d = m*d + 270. Calculate the highest common factor of d and 15.
15
Suppose 6943 = 18*l - 3551. Suppose -1784 - 442 = -21*k. What is the highest common divisor of l and k?
53
Let u = 172 - -76. Suppose -t = 5*b - u, 0*b - 692 = -3*t - 2*b. Suppose 2*i - x = 3*i - 45, 4*x = -5*i + t. Calculate the highest common factor of 16 and i.
16
Let j = 7172 - 3396. Let t be j/30 + (-38)/(-285). Calculate the highest common divisor of 168 and t.
42
Let j = 1 + 22. Let n be (-705)/(-6) + (-2)/4. Let a = -25 + n. What is the greatest common divisor of j and a?
23
Let c be (-2700)/(2 - 5) + (-14 - (-12 - 3)). What is the greatest common factor of c and 68?
17
Suppose 0 = -163*s - 61*s + 43008. Calculate the highest common factor of s and 132.
12
Suppose -15*a = -0*a - 15. Let i(z) = 43*z + 19. Let h be i(a). Let n(p) = 30*p + 1. Let l be n(1). Calculate the highest common factor of l and h.
31
Let f(r) = 35*r + 94. Let m be f(1). Calculate the highest common factor of m and 1247.
43
Suppose 13*c = -2333 + 8300. Let g(v) = v**3 + v**2 + 51. Let f be g(0). What is the greatest common divisor of c and f?
51
Suppose 2*c = 5*t - 0*t - 15, 2*c - 3*t = -5. Let d be (-4)/(-2)*(-4)/(-10)*c. Suppose 0 = d*j + 4*j - 1344. Calculate the greatest common divisor of 24 and j.
24
Let r(b) = 3*b**2 - 17*b - 38. Let f be -4 - ((-35)/10 + 4)*-2. Let a be r(f). Calculate the highest common divisor of a and 90.
10
Let x = -217 - -152. Let z = x + 87. Suppose 3*o + 3*c + 6 = 0, o - 2*o + 14 = -3*c. Calculate the greatest common divisor of o and z.
2
Let u = 274 + -177. Let b = -95 + u. Suppose -x + b*x = 5*j - 316, 5*x = 5*j - 320. What is the greatest common factor of 9 and j?
9
Let s = 675 + -673. Suppose s*a - 130 = 2*w, 0*w = 5*a - 3*w - 335. Calculate the greatest common divisor of 56 and a.
14
Let y = -18938 + 19330. What is the greatest common divisor of y and 280?
56
Let q be ((-2)/(-4))/((-9)/18)*371. Let v = 414 + q. What is the greatest common divisor of 43 and v?
43
Suppose -7*r - 216 = -25*r. Let c(q) = 2*q**2 - 5*q - 3. Let m be c(7). Suppose -5*h + 0*h + m = 0. Calculate the greatest common divisor of r and h.
12
Suppose 7*q + 702 = q. Let r = 129 + q. Calculate the greatest common divisor of 9 and r.
3
Let g(m) = -9*m**2 - 240*m - 86. Let r be g(-26). Let w = -231 + 343. Calculate the highest common divisor of r and w.
14
Suppose x = -k - 518, -5*k + 137 + 878 = -2*x. Let s = 549 + x. Calculate the highest common factor of 255 and s.
17
Let z(i) = 3*i**2 - 24*i - 33. Let n(w) = -w**2 + 2*w - 2. Let x(f) = -2*n(f) - z(f). Let h be x(21). What is the highest common divisor of h and 672?
16
Suppose -164 = 8*c - 1388. Let d be (51/c)/((-2)/(-2028)). What is the greatest common factor of 13 and d?
13
Suppose -p - 2*j = -19 - 61, 2*p = -5*j + 156. Let t = 41086 - 41054. Calculate the highest common divisor of t and p.
8
Suppose g - 13*d + 11*d - 15 = 0, -2*d + 2 = 0. Calculate the highest common factor of 4267 and g.
17
Let o be (153/(-21)*1645/(-94))/((-6)/(-16)). Calculate the greatest common divisor of o and 1496.
68
Let y = 3936 + -394. Calculate the highest common divisor of 22 and y.
22
Let x be (-1)/(2*(-6)/1584) - (7 + -1). What is the greatest common factor of x and 623?
7
Suppose 3*a - 82 = -132*x + 127*x, x - 5 = 0. Let l be (-25 + 26)/(-1 - (-58)/57). Calculate the highest common factor of l and a.
19
Let l be (-17520)/240*((-8 - 0)*2 + -1). Calculate the highest common divisor of 292 and l.
73
Suppose -2*z = v + 4, 3*z + 3 = 4*v - 14. Suppose -2 = -2*x - 4*t, -2*x = 3*x + t - 5. Suppose -21 = -v*y - x. Calculate the highest common divisor of 10 and y.
10
Let g(i) = -2*i**2 - 3*i + 94. Let w be g(6). Suppose 525 = w*c - 0*c - l, 0 = -3*l + 9. What is the greatest common factor of c and 108?
12
Let h(c) = 9*c**2 - 4*c + 2. Let g be h(6). Let t = 3